{"id":8,"date":"2017-05-24T05:56:11","date_gmt":"2017-05-24T04:56:11","guid":{"rendered":"http:\/\/www.gestionslalievre.com\/fr\/one-page-express\/"},"modified":"2017-06-15T18:14:03","modified_gmt":"2017-06-15T17:14:03","slug":"one-page-express","status":"publish","type":"page","link":"https:\/\/www.gestionslalievre.com\/fr\/","title":{"rendered":"Front Page"},"content":{"rendered":"<div  data-label=\"Overlapable\" data-id=\"stripped-features-image-cards-section\" data-=\"\" class=\"features-image-cards-section\" data-overlap=\"true\" id=\"overlapable-3\" style=\"background-color:rgb(255, 255, 255)\"><div  class=\"gridContainer\"><div  class=\"features-image-cards-innerrow\" data-type=\"row\"><div  class=\"features-image-cards-cardcol cp4cols cp6cols-tablet\"><div  class=\"features-image-cards-cardrow\"><img decoding=\"async\"  class=\"features-image-cards-featimg\" src=\"http:\/\/www.gestionslalievre.com\/fr\/wp-content\/uploads\/2017\/05\/BTS-Comptabilit\u00e9-649x431.jpg\"><div  class=\"features-image-cards-cardtextrow\" data-type=\"column\"><h4  class=\"\">COMPTABILIT\u00c9<\/h4><p  class=\"\">\u00c9tats financiers, tenus de livre informatis\u00e9e, paies et d\u00e9claration gouvernementales, \u00e9tats financiers mensuels pour fins de gestion, conception et implantation de syst\u00e8mes comptables.<\/p><hr  class=\"features-image-cards-separator\"><a  href=\"http:\/\/www.gestionslalievre.com\/fr\/services\/\" class=\"\" target=\"_self\"><i  class=\"font-icon-22 fa fa-arrow-circle-right\" data-cp-fa=\"true\"><\/i>EN SAVOIR PLUS<\/a><\/div><\/div><\/div><div  class=\"features-image-cards-cardcol cp4cols cp6cols-tablet\"><div  class=\"features-image-cards-cardrow\"><img decoding=\"async\"  class=\"features-image-cards-featimg\" src=\"http:\/\/www.gestionslalievre.com\/fr\/wp-content\/uploads\/2017\/05\/1463495507Fiscalit\u00e9_Fotolia_49236407_S-682x483.jpg\"><div  class=\"features-image-cards-cardtextrow\" data-type=\"column\"><h4  class=\"\">FISCALIT\u00c9<\/h4><p  class=\"\">Imp\u00f4ts des soci\u00e9t\u00e9s, imp\u00f4ts des particuliers et travailleurs autonomes, TPS \/ TVH-TVQ,\nAvis d\u2019opposition et d\u2019appels en mati\u00e8re d\u2019imp\u00f4t sur le revenu et de taxes \u00e0 la consommation.<\/p><hr  class=\"features-image-cards-separator\"><a  href=\"http:\/\/www.gestionslalievre.com\/fr\/services\/\" class=\"\" target=\"_self\"><i  class=\"font-icon-22 fa fa-arrow-circle-right\" data-cp-fa=\"true\"><\/i>&nbsp;EN SAVOIR PLUS<\/a><\/div><\/div><\/div><div  class=\"features-image-cards-cardcol cp4cols cp6cols-tablet\"><div  class=\"features-image-cards-cardrow\"><img decoding=\"async\"  class=\"features-image-cards-featimg\" src=\"http:\/\/www.gestionslalievre.com\/fr\/wp-content\/plugins\/one-page-express-companion\/theme-data\/one-page-express\/sections\/images\/timothy-muza-572-1920x1281.jpg\"><div  class=\"features-image-cards-cardtextrow\" data-type=\"column\"><h4  class=\"\">AUTRES SERVICES<\/h4><p  class=\"\">Pr\u00e9visions financi\u00e8res,\nbudgets de caisse et d\u2019op\u00e9rations, incorporation en soci\u00e9t\u00e9, transfert \u00e9lectronique des donn\u00e9es financi\u00e8res pour l\u2019Agri-Stabilit\u00e9, consultant agr\u00e9er analyste logiciel AgExpert.<\/p><hr  class=\"features-image-cards-separator\"><a  href=\"http:\/\/www.gestionslalievre.com\/fr\/services\/\" class=\"\" target=\"_self\"><i  class=\"font-icon-22 fa fa-arrow-circle-right\" data-cp-fa=\"true\"><\/i>&nbsp;EN SAVOIR PLUS<\/a><\/div><\/div><\/div><\/div><\/div><\/div><div  id=\"content-3\" style=\"background-color:rgb(255, 255, 255)\" data-label=\"Content\" data-id=\"content-image-left\" class=\"content-left-image-section\"><div  class=\"gridContainer\"><div  class=\"row\"><div  class=\"content-left-image-imgcol\" data-type=\"column\"><img decoding=\"async\"  src=\"http:\/\/www.gestionslalievre.com\/fr\/wp-content\/plugins\/one-page-express-companion\/theme-data\/one-page-express\/sections\/images\/project1.jpg\" class=\"\"><\/div><div  class=\"content-left-image-textcol\" data-type=\"column\"><h2  class=\"\">Notre accueil et nos services seront r\u00e9pondre \u00e0 vos attentes.<\/h2><p  class=\"large_text\">Nous sommes une \u00e9quipe r\u00e9solue \u00e0 vous offrir des services de comptabilit\u00e9 professionnels et personnalis\u00e9s selon vos besoins.<\/p><a  class=\"button blue\" href=\"http:\/\/www.gestionslalievre.com\/fr\/services\/\" target=\"_self\">EN SAVOIR PLUS<\/a><\/div><\/div><\/div><\/div><div  id=\"cta-1\" data-label=\"Call to action\" data-id=\"cta-blue-section\" class=\"cta-blue-section\"><div  class=\"gridContainer\"><div  class=\"cta-blue-innerrow\"><div  class=\"cta-blue-textcol\"><h2  class=\"cta-blue-text\"><span  id=\"result_box\" class=\"short_text\" lang=\"fr\"><span  class=\"\">UNE QUESTION? CONTACTEZ NOTRE \u00c9QUIPE.<\/span><\/span><\/h2><\/div><div  class=\"cta-blue-btncol\"><a  class=\"button transparent\" href=\"http:\/\/www.gestionslalievre.com\/fr\/nous-joindre\/\" target=\"_self\">\u00c9crivez-nous maintenant !<\/a><\/div><\/div><\/div><\/div><div  id=\"content-4\" style=\"background-color:rgb(246, 246, 246)\" data-label=\"Content\" data-id=\"content-image-right\" class=\"content-right-image-section\"><div  class=\"gridContainer\"><div  class=\"content-right-image-gridcol\"><div  class=\"content-right-image-textcol\" data-type=\"column\"><h2  class=\"\">Le respect et la confidentialit\u00e9 sont des valeurs tr\u00e8s importantes\npour nous.<\/h2><p  class=\"large_text\">\u00c9tant membre de l\u2019Association Professionnelle des comptables ind\u00e9pendants, nous avons acc\u00e8s \u00e0 des s\u00e9minaires de formation nous permettant de toujours \u00eatre \u00e0 l\u2019aff\u00fbt des nouveaut\u00e9s, dans le but de vous offrir une meilleure expertise lors de vos prises de d\u00e9cisions administratives.<\/p><a  class=\"button blue\" href=\"http:\/\/www.gestionslalievre.com\/fr\/qui-sommes-nous\/\" target=\"_self\">EN SAVOIR PLUS<\/a><\/div><div  class=\"content-right-image-imgcol\" data-type=\"column\"><img decoding=\"async\"  reiki_companion_plugin=\"\" src=\"http:\/\/www.gestionslalievre.com\/fr\/wp-content\/uploads\/2017\/05\/s3.png\" class=\"\"><\/div><\/div><\/div><\/div>","protected":false},"excerpt":{"rendered":"<p>COMPTABILIT\u00c9\u00c9tats financiers, tenus de livre informatis\u00e9e, paies et d\u00e9claration gouvernementales, \u00e9tats financiers mensuels pour fins de gestion, conception et implantation de syst\u00e8mes comptables.EN SAVOIR PLUSFISCALIT\u00c9Imp\u00f4ts des soci\u00e9t\u00e9s, imp\u00f4ts des particuliers et travailleurs autonomes, TPS \/ TVH-TVQ, Avis d\u2019opposition et d\u2019appels en mati\u00e8re d\u2019imp\u00f4t sur le revenu et de taxes \u00e0 la consommation.&nbsp;EN SAVOIR PLUSAUTRES SERVICESPr\u00e9visions&hellip; <br \/> <a class=\"button small blue\" href=\"https:\/\/www.gestionslalievre.com\/fr\/bonjour-tout-le-monde\/\">Lire la suite<\/a><\/p>\n","protected":false},"author":1,"featured_media":0,"parent":0,"menu_order":0,"comment_status":"closed","ping_status":"closed","template":"","meta":{"footnotes":""},"_links":{"self":[{"href":"https:\/\/www.gestionslalievre.com\/fr\/wp-json\/wp\/v2\/pages\/8"}],"collection":[{"href":"https:\/\/www.gestionslalievre.com\/fr\/wp-json\/wp\/v2\/pages"}],"about":[{"href":"https:\/\/www.gestionslalievre.com\/fr\/wp-json\/wp\/v2\/types\/page"}],"author":[{"embeddable":true,"href":"https:\/\/www.gestionslalievre.com\/fr\/wp-json\/wp\/v2\/users\/1"}],"replies":[{"embeddable":true,"href":"https:\/\/www.gestionslalievre.com\/fr\/wp-json\/wp\/v2\/comments?post=8"}],"version-history":[{"count":23,"href":"https:\/\/www.gestionslalievre.com\/fr\/wp-json\/wp\/v2\/pages\/8\/revisions"}],"predecessor-version":[{"id":140,"href":"https:\/\/www.gestionslalievre.com\/fr\/wp-json\/wp\/v2\/pages\/8\/revisions\/140"}],"wp:attachment":[{"href":"https:\/\/www.gestionslalievre.com\/fr\/wp-json\/wp\/v2\/media?parent=8"}],"curies":[{"name":"wp","href":"https:\/\/api.w.org\/{rel}","templated":true}]}}

<div  data-label="Overlapable" data-id="stripped-features-image-cards-section" data-="" class="features-image-cards-section" data-overlap="true" id="overlapable-3" style="background-color:rgb(255, 255, 255)"><div  class="gridContainer"><div  class="features-image-cards-innerrow" data-type="row"><div  class="features-image-cards-cardcol cp4cols cp6cols-tablet"><div  class="features-image-cards-cardrow"><img decoding="async"  class="features-image-cards-featimg" src="http://www.gestionslalievre.com/fr/wp-content/uploads/2017/05/BTS-Comptabilité-649x431.jpg"><div  class="features-image-cards-cardtextrow" data-type="column"><h4  class="">COMPTABILITÉ</h4><p  class="">États financiers, tenus de livre informatisée, paies et déclaration gouvernementales, états financiers mensuels pour fins de gestion, conception et implantation de systèmes comptables.</p><hr  class="features-image-cards-separator"><a  href="http://www.gestionslalievre.com/fr/services/" class="" target="_self"><i  class="font-icon-22 fa fa-arrow-circle-right" data-cp-fa="true"></i>EN SAVOIR PLUS</a></div></div></div><div  class="features-image-cards-cardcol cp4cols cp6cols-tablet"><div  class="features-image-cards-cardrow"><img decoding="async"  class="features-image-cards-featimg" src="http://www.gestionslalievre.com/fr/wp-content/uploads/2017/05/1463495507Fiscalité_Fotolia_49236407_S-682x483.jpg"><div  class="features-image-cards-cardtextrow" data-type="column"><h4  class="">FISCALITÉ</h4><p  class="">Impôts des sociétés, impôts des particuliers et travailleurs autonomes, TPS / TVH-TVQ,
Avis d’opposition et d’appels en matière d’impôt sur le revenu et de taxes à la consommation.</p><hr  class="features-image-cards-separator"><a  href="http://www.gestionslalievre.com/fr/services/" class="" target="_self"><i  class="font-icon-22 fa fa-arrow-circle-right" data-cp-fa="true"></i>&nbsp;EN SAVOIR PLUS</a></div></div></div><div  class="features-image-cards-cardcol cp4cols cp6cols-tablet"><div  class="features-image-cards-cardrow"><img decoding="async"  class="features-image-cards-featimg" src="http://www.gestionslalievre.com/fr/wp-content/plugins/one-page-express-companion/theme-data/one-page-express/sections/images/timothy-muza-572-1920x1281.jpg"><div  class="features-image-cards-cardtextrow" data-type="column"><h4  class="">AUTRES SERVICES</h4><p  class="">Prévisions financières,
budgets de caisse et d’opérations, incorporation en société, transfert électronique des données financières pour l’Agri-Stabilité, consultant agréer analyste logiciel AgExpert.</p><hr  class="features-image-cards-separator"><a  href="http://www.gestionslalievre.com/fr/services/" class="" target="_self"><i  class="font-icon-22 fa fa-arrow-circle-right" data-cp-fa="true"></i>&nbsp;EN SAVOIR PLUS</a></div></div></div></div></div></div><div  id="content-3" style="background-color:rgb(255, 255, 255)" data-label="Content" data-id="content-image-left" class="content-left-image-section"><div  class="gridContainer"><div  class="row"><div  class="content-left-image-imgcol" data-type="column"><img decoding="async"  src="http://www.gestionslalievre.com/fr/wp-content/plugins/one-page-express-companion/theme-data/one-page-express/sections/images/project1.jpg" class=""></div><div  class="content-left-image-textcol" data-type="column"><h2  class="">Notre accueil et nos services seront répondre à vos attentes.</h2><p  class="large_text">Nous sommes une équipe résolue à vous offrir des services de comptabilité professionnels et personnalisés selon vos besoins.</p><a  class="button blue" href="http://www.gestionslalievre.com/fr/services/" target="_self">EN SAVOIR PLUS</a></div></div></div></div><div  id="cta-1" data-label="Call to action" data-id="cta-blue-section" class="cta-blue-section"><div  class="gridContainer"><div  class="cta-blue-innerrow"><div  class="cta-blue-textcol"><h2  class="cta-blue-text"><span  id="result_box" class="short_text" lang="fr"><span  class="">UNE QUESTION? CONTACTEZ NOTRE ÉQUIPE.</span></span></h2></div><div  class="cta-blue-btncol"><a  class="button transparent" href="http://www.gestionslalievre.com/fr/nous-joindre/" target="_self">Écrivez-nous maintenant !</a></div></div></div></div><div  id="content-4" style="background-color:rgb(246, 246, 246)" data-label="Content" data-id="content-image-right" class="content-right-image-section"><div  class="gridContainer"><div  class="content-right-image-gridcol"><div  class="content-right-image-textcol" data-type="column"><h2  class="">Le respect et la confidentialité sont des valeurs très importantes
pour nous.</h2><p  class="large_text">Étant membre de l’Association Professionnelle des comptables indépendants, nous avons accès à des séminaires de formation nous permettant de toujours être à l’affût des nouveautés, dans le but de vous offrir une meilleure expertise lors de vos prises de décisions administratives.</p><a  class="button blue" href="http://www.gestionslalievre.com/fr/qui-sommes-nous/" target="_self">EN SAVOIR PLUS</a></div><div  class="content-right-image-imgcol" data-type="column"><img decoding="async"  reiki_companion_plugin="" src="http://www.gestionslalievre.com/fr/wp-content/uploads/2017/05/s3.png" class=""></div></div></div></div>

<p>COMPTABILITÉÉtats financiers, tenus de livre informatisée, paies et déclaration gouvernementales, états financiers mensuels pour fins de gestion, conception et implantation de systèmes comptables.EN SAVOIR PLUSFISCALITÉImpôts des sociétés, impôts des particuliers et travailleurs autonomes, TPS / TVH-TVQ, Avis d’opposition et d’appels en matière d’impôt sur le revenu et de taxes à la consommation.&nbsp;EN SAVOIR PLUSAUTRES SERVICESPrévisions&hellip; <br /> <a class="button small blue" href="https://www.gestionslalievre.com/fr/bonjour-tout-le-monde/">Lire la suite</a></p>
